 + 4*c(y). What is d(2)?
-13
Suppose 3*g - 12 - 3 = 0. Let n(u) = 9*u**2 + 3*u - 14. Let z(y) = 5*y**2 + y - 7. Let i(w) = 6*n(w) - 11*z(w). Determine i(g).
3
Let d(k) = k**3 - 5*k**2 - 3*k - 7. Let b = 6 + 0. Determine d(b).
11
Suppose -4*g - 4*n = 16, 0*g + 5*g + 4*n = -16. Suppose -4*w + 21 - 5 = g. Let p(x) = -x**2 + 6*x + 1. Give p(w).
9
Let f(w) = -36*w. Let t be f(1). Let b be 2/(-3)*t/(-24). Let p(z) = -7*z**2 + z**2 - z**2. Calculate p(b).
-7
Let l(p) = -p - 1. Suppose 3*j - 22 = 4*a, -5*j + 1 + 9 = 0. Give l(a).
3
Let d(w) = 3*w - 2. Suppose 12 = f + 2*f. Suppose -16 = 4*x, 0*y - f*x - 18 = -2*y. Suppose 2*z - 3 = y. What is d(z)?
4
Suppose 0 = k - 3*k. Let z(y) = 8 - 2 + y - 3*y**2 + 2*y**2. What is z(k)?
6
Suppose 2*p = 4*p - 6. Suppose 0 = c + p*c - 8. Let y(h) = -h**c - h - 5 + 2 + 2*h + 4*h. Give y(5).
-3
Let l be (4 - 0)/(2 - 3). Let a be l/6*(-30)/(-5). Let m(g) = -g**3 - 5*g**2 - 3*g. Give m(a).
-4
Let n(h) = -12*h - h**3 + 18*h + 6 - 2*h**2 - h**2. Let c be (-76)/18 + (-6)/(-27). What is n(c)?
-2
Let u(n) = -16 + n**2 + 4*n + 11 - 4*n**2 - n**3. Let y(f) = -f**2 - 2*f + 4. Let x be y(-4). Determine u(x).
-5
Let k be 1/(1 + 2 + -2). Suppose -4*w - k + 9 = 0, -a + w - 2 = 0. Let d(f) = 4*f - f**2 + 3 + 1 - f - 4*f. What is d(a)?
4
Suppose 2*y + 3*y = -2*u + 10, 5*y - 10 = 3*u. Let m(w) = 4*w + 3*w**2 + w**3 - y*w**2 - 6*w - 1. Suppose 4*j - 11 = -3. Give m(j).
7
Suppose -5*y + 5 = 0, 4*o - y + 1 = -0*y. Let n(h) = -h**3 - h**2 + h - 1. Give n(o).
-1
Let x(q) = 7*q**2 + 13*q + 13. Let i(g) = -3*g**2 - 6*g - 6. Let t(a) = -13*i(a) - 6*x(a). Suppose 0*j + 3*j + 6 = 0. Calculate t(j).
-12
Let o(j) = j**2 + j. Let i(l) = -l**2 + 4*l + 9. Let d be i(5). Let a be -2 + d - 3/(-3). Give o(a).
12
Let s(p) be the second derivative of -p**4/12 + 7*p**3/6 - 2*p**2 + 15*p. Determine s(6).
2
Let x be (0 + (-2)/(-4))*2. Suppose -2*a - 3 = -9, 2*h - 4*a = -8. Let j(p) = 15 - 16 - p + 2*p + 4*p**h. Determine j(x).
4
Suppose 2*n - 6 = 4. Let u be ((-5)/2)/n*-16. Suppose 5*r + 5 = -p, -2*p + 0*p = r - u. Let m(t) = t**2 - 5*t + 3. What is m(p)?
3
Let c be (-5 - -1)*27/(-36). Let y(v) = 2*v**3 + 3 + 6*v**c - 7*v**3 + 2*v**2. Let w be -2 + 1/(-2 - -1). Give y(w).
-6
Suppose 2*z + 54 = -3*q, 6*z = 3*z. Let m be (-83)/(-9) + 4/q. Suppose -3*a + 4*b + m = -2*a, b = -2. Let v(n) = -4*n**2 + 2*n - 1. Determine v(a).
-3
Suppose -2 = -a - 1. Let n(x) = 2*x**2 - a + x**2 - x**3 + 2*x**3 + x - 2*x. Give n(-2).
5
Let q(o) be the third derivative of o**4/8 - o**3/6 - 24*o**2. Let x(i) = -i - 5. Let s be x(-7). Let n be s/(-3)*6/4. Determine q(n).
-4
Let j(h) = h - 4. Suppose i - 9 = -2*c, 15 = 3*i + c + c. Give j(i).
-1
Suppose -14 = -3*b - 3*n + 4, 0 = 2*b + n - 8. Let z(y) = y + 1. Give z(b).
3
Let n(x) = 9*x**2 - 13*x + 2. Let y(d) = 5*d**2 - 7*d + 1. Let i(r) = -4*n(r) + 7*y(r). Determine i(3).
-1
Let v(w) = w + 1. Let b be (-1)/2*2*(-2 + 7). Give v(b).
-4
Let c(l) = l**3 + 2*l**2 - 2*l - 1. Let t be c(-3). Let w(v) = v**3 + 3*v**2 + v. Give w(t).
-20
Let a(n) = 2 + 5 - 2*n + 3*n**2 - 9*n**3 - 5*n. Let t(x) = 3*x**3 - x**2 + 2*x - 2. Let s(r) = 2*a(r) + 7*t(r). Let f = 31 + -30. Determine s(f).
2
Let v(b) = b**3 - 3*b**2 + 3*b - 1. Let p(w) = 3*w + 7. Let u be p(-9). Let k be ((-12)/10)/(8/u). Give v(k).
8
Let s(x) be the third derivative of x**6/12 + x**4/24 + 7*x**2. Give s(-1).
-11
Let h(k) = k**3 + 3*k**2 - 7*k - 6. Let i be ((-24)/(-18))/((-2)/3) + -2. Calculate h(i).
6
Suppose 0 = -5*o - k + 35, -o - 5*k + 19 + 12 = 0. Let c(v) = -v**2 - o*v + 0*v + 2*v. Let y be (-2)/(-4)*48/(-6). Calculate c(y).
0
Let o be ((-3)/(-2)*-1)/((-15)/(-20)). Let f(i) = 6*i + 2 - 3*i + 1. What is f(o)?
-3
Suppose 5*h = 2*r + 5, 5*h = 5*r - 0*r + 20. Let l(w) = -w - 1. Let s = -6 - -5. Let f(i) = -4*i. Let y(m) = s*f(m) + 5*l(m). Determine y(r).
0
Let h = 17 + -18. Let l(u) = -2*u**3 - u**2 - u - 1. What is l(h)?
1
Let m be (1 + -1)/(9/(-9)). Let w(v) = -v**2 - v - 1. Determine w(m).
-1
Let h(y) = -4*y**2 + 4*y - 4. Let u(w) = -5*w**2 + 3*w - 3. Let b(t) = -4*h(t) + 3*u(t). Determine b(6).
1
Let g(n) = 6*n. Let b be (-12)/(-18)*9/6. Give g(b).
6
Suppose 5*x = 0, -4*k + 3*x + 2*x = -16. Let v(b) = 4*b - 5. Calculate v(k).
11
Let t(g) = g**3 - 6*g**2 + 7*g - 4. Let d(j) = j - 1. Let s be d(1). Suppose s = x + 4 - 3. Let c be -2 + (2 + x)*6. What is t(c)?
-8
Let y = 8 - 3. Suppose -t = 2*c - 1, y*t + 4*c - 12 = t. Suppose -2*a + 23 = 5*i, 3*i + i = -t*a + 15. Let f(z) = 2*z - 3. Give f(i).
7
Let b = -13 - -16. Let d(p) = p - 3. Calculate d(b).
0
Let f(s) be the first derivative of 3 + 2*s**3 - 1/2*s**2 - s. Let u(y) = y + 1. Let r(i) = -f(i) - 2*u(i). Give r(-1).
-6
Let b be 24/3 - (0 + 2). Let h(l) = 2*l**3 - b + 3*l - 3*l**3 + 0 - 4*l**2. Determine h(-5).
4
Let g(i) = -2*i**3 + 3*i**2 - 4*i - 3. Let n(l) = -l**3 - l**2 - l + 1. Let r(b) = b + 4*b - 6*b + 1. Let s be r(2). Let p(q) = s*g(q) + n(q). What is p(3)?
4
Let m(s) = -13*s**3 - 7*s**2 + 10*s - 7. Let n(j) = 7*j**3 + 4*j**2 - 5*j + 4. Let r(a) = 6*m(a) + 11*n(a). Suppose -19*g = -11*g - 32. Calculate r(g).
-10
Let z(f) = 3*f - 1 - 2 + 4. Calculate z(4).
13
Let l = 0 - -4. Let v(y) = -2*y**2 - l*y + 2*y**2 + 2*y**2 + 2. Give v(2).
2
Let j(i) = -4*i**2 - 3*i. Suppose 0 = s - 4*u + 10, 0 = 4*s - 8*u + 3*u + 18. Calculate j(s).
-10
Let a(h) = -10*h**3 + 11*h**2 - 2*h - 7. Let k be 4/(-10)*(-10 + 0). Let g(u) = 5*u**3 - 5*u**2 + u + 3. Let i(n) = k*a(n) + 9*g(n). What is i(1)?
4
Let h(a) = -4*a + 0 + a**2 + 1 - 4. Let r be h(5). Let l(c) = 2*c - c**2 + r - 1 + c. Give l(3).
1
Let b(h) = -h**3 + 5*h**2 + 4*h + 5. Suppose -4*o + 0*d + d + 21 = 0, -2*o + d = -9. Give b(o).
-7
Let k(v) = -2*v**2 + 4*v - 2. Let b(f) = 4*f**2 - 8*f + 4. Let y(z) = 3*b(z) + 5*k(z). What is y(3)?
8
Let b(u) be the third derivative of u**5/120 - u**4/8 - u**3/3 + 2*u**2. Let q(t) be the first derivative of b(t). Calculate q(4).
1
Let r be (-2)/(-2*(-3)/60). Let d = r + 17. Let n(a) = a**3 + 3*a**2 - 4*a. What is n(d)?
12
Let a be -7 + 2 - 2/(-1). Let b(o) = -2*o**3 - 2*o**2 + o + 3. Let x(z) = -z**3 - z + 1. Let g(q) = -b(q) + x(q). What is g(a)?
-5
Suppose s = 2 - 0. Let t(h) = s*h + 6 + 4*h + h**2 + 0*h**2. Determine t(-6).
6
Let r(g) = -3*g**2 - g. Let m(k) = 5*k - 8. Let z(q) = q - 1. Let b(o) = m(o) - 4*z(o). Let w be (-1 + -1)*(-6)/4. Let p be b(w). Give r(p).
-2
Let m(f) be the first derivative of 4*f**3/3 + f**2/2 + 6. Calculate m(-1).
3
Let n(q) = -7*q**3 + 15*q**2 + q - 7. Let x(h) = -h**3 + h**2 + 1. Let t(p) = -n(p) + 6*x(p). Determine t(9).
4
Let r(p) = -p**2 - 7*p - 2. Suppose 14*f + 3*f + 85 = 0. Give r(f).
8
Let h(r) = 3*r + 3. Let x(w) be the first derivative of 2*w**2 + 3*w - 3. Let v(a) = 3*h(a) - 2*x(a). Calculate v(-4).
-1
Let n(y) = 3*y + 3. Let l(u) = -2*u - 2. Let h(w) = 4*l(w) + 3*n(w). Let x be h(4). Let j(o) = x + 0*o - o - 5. Calculate j(-2).
2
Let c(a) = -6*a + 3. Let h(n) = 11*n - 5. Let l(r) = 5*c(r) + 3*h(r). Let p be (3*(-10)/(-15))/(-2). Determine l(p).
-3
Let x(u) = u**2 - 7*u + 6. Let j(n) be the third derivative of -n**4/8 - n**3/6 - n**2. Let y be j(-2). Calculate x(y).
-4
Let m = -4 - 3. Let w(i) = 2*i + 9. Determine w(m).
-5
Let p = 1 + 1. Let g(w) = -w**3 + 4*w**2 - 2*w - 1. Let m be g(3). Let q(z) = m*z + 1 + z - z**3 + 5*z**p - 6*z. What is q(4)?
5
Let c(n) = -8*n**2 + 7*n + 3. Let i(o) = 3*o**2 - 2*o - 1. Let l(u) = -4*c(u) - 11*i(u). What is l(-4)?
7
Suppose -h - 4*h - 2*g = -25, 0 = 3*g. Let x(u) = -u**2 + 3*u - 5. Let j(v) = v - 1. Let o(s) = j(s) + x(s). Calculate o(h).
-11
Let r(g) = 2*g**3 - 3*g**2 - 9*g - 2. Let s(o) = 3*o**3 - 7*o**2 - 17*o - 4. Let b = -1 - -6. Let z(i) = b*r(i) - 3*s(i). Determine z(-5).
-3
Let c(q) = -2*q**2 + 8*q - 1. Let d(a) = -2*a**2 + 9*a. Let b(y) = 4*c(y) - 3*d(y). Let o = 4 + 1. Suppose 0 = 3*n - 4 - o. Calculate b(n).
-7
Suppose 2*b = 2*i + 2*i + 6, -2*i = 4*b - 2. Let c(f) = -4*f. Determine c(i).
4
Let u(g) be the third derivative of 0*g - 3*g**2 - 11/6*g**3 - 1/24*g**4 + 0. Let b be u(-8). Let p(h) = h**3 + 3*h**2 - h. Calculate p(b).
3
Let n(l) = -2*l. Let k(j) = -j**2 + 2*j + 1. Let m be k(3). Let w(r) = -r**3 + r**2 + 3*r + 2. Let c be w(m). Suppose 4*u - 4 = c. Calculate n(u).
-6
Suppose 3*g + 0*h + 3 = -4*h, 8 = -4*g - 4*h. Let i = g + 10. Suppose 4*z + 3*